40207 - 5?
-14240214
In base 12, what is -29903 + 185?
-2973a
In base 3, what is -10001020000 - 1012200?
-10002102200
In base 9, what is -861 - -53786?
52825
In base 11, what is -2 + 2a491333?
2a491331
In base 13, what is -c5 + -5517b?
-55273
In base 5, what is -1000134100 - 1030?
-1000140130
In base 4, what is -122113221 + -10102?
-122123323
In base 2, what is -10011111010011110101 + 1010?
-10011111010011101011
In base 2, what is -10010100000001111 - 100110110?
-10010100101000101
In base 16, what is -10ffaa + -35?
-10ffdf
In base 15, what is dc - 43a7?
-42ba
In base 7, what is 42136060 - 3?
42136054
In base 5, what is -2142022101 - -10?
-2142022041
In base 7, what is 4 + 5163231?
5163235
In base 8, what is 16775 + -262352?
-243355
In base 4, what is -1012200231 + -2211?
-1012203102
In base 3, what is -11112002012 - 1102?
-11112010121
In base 6, what is 1255 - -3415553?
3421252
In base 10, what is -8033 + 3148?
-4885
In base 10, what is 0 - 1565984?
-1565984
In base 14, what is 3 - 1dba70aa?
-1dba70a7
In base 15, what is -d11c7 - 50e?
-d16d6
In base 4, what is -20100103103 + 12?
-20100103031
In base 14, what is -1c4282 + 47?
-1c4239
In base 7, what is -53326 - -1356?
-51640
In base 9, what is -18031 + -445?
-18476
In base 7, what is -212 + 1012663?
1012451
In base 14, what is -26b28b9d - 4?
-26b28ba3
In base 11, what is 186361 - 389?
185a83
In base 12, what is 1 - 192b85?
-192b84
In base 11, what is 1a988 + -2035?
18953
In base 8, what is -23536352 - -22?
-23536330
In base 16, what is 1 - -d9abca?
d9abcb
In base 3, what is -11 + 112221102102210100?
112221102102210012
In base 8, what is 4 + 512344066?
512344072
In base 5, what is -324304301 + -2?
-324304303
In base 15, what is -ec - 1de?
-2db
In base 13, what is -7 - -435259?
435252
In base 12, what is -6 + 11316b?
113165
In base 9, what is -40 - 262035?
-262075
In base 8, what is 375026 + 74?
375122
In base 14, what is 8b325 - 5a?
8b2a9
In base 15, what is 5239753 - -3?
5239756
In base 16, what is -111 - 5d04?
-5e15
In base 16, what is -137d - 8147?
-94c4
In base 15, what is b1 - 7676?
-75b5
In base 5, what is 31410 - 12443?
13412
In base 10, what is -36725716 + -6?
-36725722
In base 16, what is -273e - 1ad?
-28eb
In base 3, what is 22121102 - 2210111101?
-2110212222
In base 4, what is 3202112 + 1100020?
10302132
In base 6, what is 14540514 - -1220?
14542134
In base 14, what is -bb859 - 306?
-bbb61
In base 9, what is -3418268 + 2?
-3418266
In base 9, what is 4541448 + -1101?
4540347
In base 8, what is -3726 + -316?
-4244
In base 10, what is 53174 - 812?
52362
In base 16, what is 84a70e - -a?
84a718
In base 13, what is 13aab67 + 11c?
13aac86
In base 15, what is -6007700 + -8?
-6007708
In base 16, what is -1a0 + -1dc73?
-1de13
In base 8, what is 1211 - -52735?
54146
In base 13, what is 1 - -15a79bc?
15a79c0
In base 10, what is 4 + -23322610?
-23322606
In base 13, what is 323c - 848?
26c4
In base 4, what is 1022202103120 - -33?
1022202103213
In base 16, what is eb8dc9 + 4?
eb8dcd
In base 5, what is -4 + -1243402400?
-1243402404
In base 9, what is -33 - 6288873?
-6300016
In base 5, what is 103202000 + -2202?
103144243
In base 12, what is -a814 + -18b63?
-27777
In base 10, what is 207242 + -32?
207210
In base 4, what is -1210 + 10012232020?
10012230210
In base 16, what is -26ae84a + d?
-26ae83d
In base 5, what is -42020 + 233003?
140433
In base 8, what is -212402204 + 1?
-212402203
In base 4, what is 230101120 + -2112?
230033002
In base 16, what is -2095a + -1d?
-20977
In base 10, what is 4 - -79494504?
79494508
In base 4, what is 10231 + 30032231200?
30032302031
In base 6, what is -203132 + 2044?
-201044
In base 4, what is 133 - -3330002033?
3330002232
In base 16, what is 99926 + -2?
99924
In base 4, what is 2 - 13131202131302?
-13131202131300
In base 6, what is -134500 + 152002?
13102
In base 16, what is 7b2 + -1e318?
-1db66
In base 4, what is 33333212 + -20221?
33312331
In base 5, what is -3 - -1011210332?
1011210324
In base 6, what is -25034545 + -14?
-25035003
In base 15, what is e - -b186d?
b187c
In base 15, what is 4 + -7c5085?
-7c5081
In base 15, what is -5623 - -115?
-550d
In base 16, what is -32f6510 + -5?
-32f6515
In base 10, what is -154546013 - 3?
-154546016
In base 8, what is -150216006 + -3?
-150216011
In base 16, what is b8e606 - 6?
b8e600
In base 3, what is 200002100022 - -20?
200002100112
In base 9, what is -141847 + -6664?
-148622
In base 9, what is 0 + 8884564?
8884564
In base 9, what is -7641 - -5115?
-2525
In base 14, what is 39 + 103c?
1077
In base 2, what is 11 - 1000011000011100110111110000?
-1000011000011100110111101101
In base 15, what is -2 + -7bc827?
-7bc829
In base 13, what is 2 - 680ab74?
-680ab72
In base 8, what is -55 - 15100751?
-15101026
In base 15, what is -32 - 55457c?
-5545ae
In base 8, what is 2140404 - 73?
2140311
In base 6, what is -14 - 445431553?
-445432011
In base 15, what is -42aa - -214?
-4096
In base 8, what is 1552750 - -1110?
1554060
In base 2, what is -101011011 - 100000010110101?
-100001000010000
In base 2, what is 1000110110111 - 111110011011?
1000011100
In base 15, what is -4623a - -74?
-461b6
In base 11, what is -5 - -147311a9?
147311a4
In base 14, what is 1d94643 - 5?
1d9463c
In base 6, what is -40015010135 + 1?
-40015010134
In base 11, what is 470405 - 38?
470378
In base 10, what is -402 - 10235?
-10637
In base 2, what is 100110010110 + 11101101111?
1000100000101
In base 3, what is -10011000022001110 - 11?
-10011000022001121
In base 4, what is 122123 + 331311103?
332033232
In base 4, what is 3 + -32220031013?
-32220031010
In base 12, what is 31aa27 - 6?
31aa21
In base 7, what is -1414364130 + 0?
-1414364130
In base 13, what is -2b70b8 - -104?
-2b6cb4
In base 7, what is -1310 - 3463060?
-3464400
In base 11, what is -2 + -a9388a7?
-a9388a9
In base 8, what is 443 + -41571?
-41126
In base 13, what is -a017c58 + -7?
-a017c62
In base 2, what is 11110 + -11100111111001111?
-11100111110110001
In base 14, what is -1b2 - -12a9?
10d7
In base 16, what is 1b2a9 - -b?
1b2b4
In base 12, what is -3820ba67 - 5?
-3820ba70
In base 15, what is -539 - -2251?
1c17
In base 8, what is 10456707 - -1?
10456710
In base 12, what is 5 + -1a73832?
-1a73829
In base 2, what is -11110001100000100111100 - -10010?
-11110001100000100101010
In base 12, what is -12496b + 458?
-124513
In base 12, what is -561a31 + -8?
-561a39
In base 13, what is 17a4 + 285?
1a59
In base 13, what is -62234414 + 5?
-6223440c
In base 6, what is 15022111 - -2510?
15025021
In base 10, what is -9 - -733970?
733961
In base 9, what is 5 - 47416057?
-47416052
In base 3, what is 12211121221202012 + -2?
12211121221202010
In base 6, what is -1202500 - 4?
-1202504
In base 11, what is 9568884 - -2?
9568886
In base 5, what is 3 + -1211003303?
-1211003300
In base 4, what is 3111203011 - 10?
3111203001
In base 13, what is 0 - -4683473a?
4683473a
In base 12, what is b1b10147 + -4?
b1b10143
In base 16, what is -4 - -12571e8?
12571e4
In base 13, what is -64a902 + 8?
-64a8c7
In base 3, what is -11020121221000 - 210?
-11020121221210
In base 6, what is 1225002 - 24523?
1200035
In base 12, what is -7b80 + -335b7?
-3b577
In base 2, what is 100 + -10101010001101000000110110?
-10101010001101000000110010
In base 14, what is d73336 + -18?
d7331c
In base 11, what is -4 - 4a22aaa?
-4a23003
In base 6, what is 2400 - 124215?
-121415
In base 15, what is -b06 + 3e01?
32ea
In base 4, what is -13312103 - -21133?
-13230310
In base 9, what is -131 + 1840686?
1840555
In base 5, what is -134313043 + 3142?
-134304401
In base 13, what is -8c438 - -22?
-8c416
In base 10, what is -8844 - -307?
-8537
In base 14, what is -30baa - -22?
-30b88
In base 11, what is -2 + -1854186?
-1854188
In base 16, what is -65a039 - 5?
-65a03e
In base 10, what is -220586 + -445?
-221031
In base 14, what is -8901 - 80d?
-9310
In base 4, what is -11221310 + 1223213?
-3332031
In base 16, what is 5 + 11aab3d?
11aab42
In base 7, what is -314 - 2631350?
-2631664
In base 4, what is 1120001123 - -30311?
1120032100
In base 6, what is 2 - 12344210423?
-12344210421
In base 12, what is -4 - -52a4272?
52a426a
In base 12, what is 78 + -371b6?
-3713a
In base 13, what is -115160 + -3a7?
-115537
In base 11, what is 39a3 + -686?
3318
In base 7, what is 1 - -55534023?
55534024